 + 35*w - 11. Let u(y) = 4*a(y) - f(y). Let g be u(3). Calculate the greatest common divisor of g and 6.
6
Let d(w) = -w**2 - 11*w. Let k be d(-10). Let u = 6 - k. Let l be (-81)/(6/u*1). What is the greatest common factor of l and 6?
6
Suppose -2*t = 4 + 2. Let c be 84*(t + (-14)/(-4)). Suppose -5*n - 14 = -w - 4, -c = -2*w - n. What is the highest common factor of w and 4?
4
Suppose -23*x + 348 + 341 = 30*x. Let c = -6 + 6. Suppose -5*a = -u - 12, 0 = -2*u - c*u + a + 21. Calculate the greatest common factor of u and x.
13
Let z be 72/(-20)*(0 + -5). Suppose -55*t - 32 = 79 - 551. Calculate the greatest common factor of t and z.
2
Suppose -59 = 4*a + 41. Let l = a - -47. What is the greatest common factor of 44 and l?
22
Let f(l) = 61*l - 294. Let b be f(12). Let d = b - 399. What is the greatest common factor of d and 221?
13
Suppose 0*g - 22 = 2*g. Let l be (-6)/(-14) + g/(-7). Suppose -5*t - 2*r + 667 = 0, -5*r - 286 = -l*t - r. Calculate the greatest common divisor of t and 54.
27
Suppose 2*p + 12*w = 10*w + 878, 0 = -5*p + 9*w + 2209. Calculate the highest common factor of p and 1705.
55
Let u(s) = -46 + 24 - 3*s**2 - 34*s - 36*s. Let n be u(-23). What is the greatest common divisor of 9 and n?
1
Let q(i) = i**3 - 16*i**2 - 29*i - 22. Let t be q(18). What is the greatest common divisor of 455 and t?
13
Suppose -2*k + 70 = -3*k + 5*b, -3*b = 3*k + 246. Let q = k + 94. Let f be (8/(-24))/(2/(-12)). What is the greatest common factor of f and q?
2
Let h = 13 + -6. Suppose 3971 = 9*g + 10415. Let a = g - -737. What is the greatest common divisor of a and h?
7
Suppose -3*n + 205 = -5*p, -3*n - 28*p + 185 = -29*p. What is the greatest common factor of n and 75?
15
Let g(o) = 26*o + 149. Let h be g(-4). Suppose -10*u + h = -65. What is the greatest common divisor of 55 and u?
11
Suppose 3*q - 3*x - 63 = 0, q = -5*x + x + 21. Let l(w) = 8*w**3 + 209*w**2 + 18*w - 124. Let g be l(-26). What is the highest common factor of g and q?
21
Let g(s) = -4*s**3 + 68*s**2 + 27*s - 95. Let n be g(14). Calculate the highest common divisor of 765 and n.
85
Let r be 6700/250*2*10. What is the greatest common factor of 8 and r?
8
Suppose 4*s = -2*r + 27 + 95, -3*s = -2*r - 102. Calculate the highest common divisor of s and 1760.
32
Let n = 83 + -78. Suppose n*k + 52 - 277 = 0. What is the greatest common divisor of 5 and k?
5
Suppose 19*u - 1542 = -725. Calculate the highest common factor of u and 817.
43
Let u = 4472 + -4456. Calculate the highest common divisor of 4992 and u.
16
Suppose -47*h = -43*h + g - 5378, -5*g + 6700 = 5*h. What is the greatest common divisor of 10 and h?
2
Suppose 6*g + 45 = 9*g. Let s(b) = -4*b**2 + 5 + 32*b - 54 + 5 + 2*b**2. Let z be s(14). Calculate the highest common factor of z and g.
3
Suppose 555*k - 536*k = 166478. Calculate the greatest common divisor of 104 and k.
26
Let h be (10/190*10)/((-10)/(-190)). Let o(l) = 5*l**2 + 8*l + 1. Let f be o(-7). What is the greatest common divisor of f and h?
10
Let t = 3862 + -3126. What is the highest common factor of 1702 and t?
46
Let d(w) be the second derivative of -5/6*w**3 + 0 - 5*w + 1/12*w**4 + 13/2*w**2. Let t be d(7). What is the highest common divisor of 18 and t?
9
Let s = -738 - -750. Suppose 2*d = 970 + 830. Calculate the highest common divisor of s and d.
12
Suppose 0 = -4*s + 3*s + 18. Suppose -5*a - s = -138. Let o(y) = y**3 + 7*y**2 - 2*y - 12. Let u be o(-6). Calculate the greatest common divisor of a and u.
12
Let l(k) = 7*k**2 - 4*k + 7. Let r be l(7). Let i = 12384 - 12370. What is the greatest common divisor of r and i?
14
Suppose 0 = 2*p - b - 2*b - 27, 0 = -2*p - 2*b + 42. Let v(w) = -w + 11. Let o be v(p). Let d = 15 - o. Calculate the highest common factor of d and 198.
22
Let a be (-10)/((3/(-126)*-12)/(32/(-14))). Calculate the greatest common divisor of a and 460.
20
Let m be 3996/28 - 2/(-7). Suppose -7 = 4*q - 3. Let a(n) = -14*n**3 + 4*n + 3. Let p be a(q). Calculate the greatest common divisor of m and p.
13
Let t be (-45)/(-39) - (0 + 1) - 48598/(-143). Calculate the highest common divisor of 80 and t.
20
Let i(s) = -s**2 - 3*s + 78. Let n be i(-10). Suppose 165 + 1515 = n*m. Calculate the greatest common factor of m and 120.
30
Let z be (-27)/(-4 + -5) - (-46 - 1). Let h(i) = -i**3 + 18*i**2 - 13*i - 18. Let k be h(17). Calculate the greatest common divisor of z and k.
50
Suppose -2*r + 2671 = -4*l - 757, 0 = -3*r + 3*l + 5127. What is the highest common divisor of r and 71?
71
Let o = 219 + -111. Let u = 0 + 12. What is the greatest common factor of u and o?
12
Suppose 3*b = 5*x + 1 - 119, -87 = -4*x - 5*b. Suppose 4*s = z + 735, z - 363 = -5*s + 558. What is the highest common factor of s and x?
23
Let x(g) = 6 + 0 + 6 - 18 + 58*g**2 + 7*g - 9*g. Suppose -14 = 3*w - 4*u, 0 = -5*w - 2*u + 3 - 9. Let y be x(w). What is the greatest common factor of 46 and y?
46
Let g be 2/(4 - 5) - -7. Let a(p) = 24*p**2 - 11. Let k be a(g). Calculate the greatest common factor of k and 31.
31
Suppose -34 = -6*t + 56. Let y be 2/((5/t)/((-4)/(-6))). Suppose -39 = -y*s - 11. What is the highest common divisor of s and 28?
7
Let r(x) = 24*x**2 - 3*x - 2. Let f be r(1). Calculate the highest common divisor of 2 and f.
1
Let k(d) = -d**3 + 45*d**2 - 300*d - 354. Let c be k(36). Calculate the highest common factor of c and 1122.
102
Let v(o) = o + 935. Let w be v(0). Let y = -1919 + w. Let b = -687 - y. What is the greatest common factor of 27 and b?
27
Let c be (-30)/(-40)*(2 + 106). Calculate the highest common factor of c and 2574.
9
Let h = 8360 + -7969. Calculate the highest common divisor of 1377 and h.
17
Suppose t - 2*t = 4. Let z be t/2*75/(-30). Suppose i + i + 595 = z*d, -5*i = 0. What is the greatest common divisor of 17 and d?
17
Suppose o + 516 = 526. Let m be (16/o)/(4/30). Calculate the greatest common divisor of m and 372.
12
Let l be 34273 - 30 - (-9)/18*(-20)/(-2). What is the highest common factor of 24 and l?
24
Let d be (-6)/10*2115/(-94)*68/6. Calculate the highest common factor of 2703 and d.
51
Suppose -20*l + 1200 = -12*l. Let t(c) = -c. Let f be t(-2). Suppose -2*m + d - f*d = -123, 111 = 2*m - 3*d. Calculate the greatest common factor of l and m.
30
Let w = 803 - 694. What is the highest common factor of w and 2?
1
Suppose m = 4*m. Suppose -5*z + m*z = -80. Let v be -6*(-160)/36*(-414)/(-345). What is the highest common factor of z and v?
16
Let h be ((-125)/10)/5 - 3132/(-24). Calculate the highest common divisor of 608 and h.
32
Suppose -3*a + 5*m = -14, -2*a = m - 17 - 14. Calculate the greatest common divisor of a and 274.
1
Let n = -34 - -37. Suppose l + v - 21 = 3, 0 = -n*l + 5*v + 72. Suppose -3 + 35 = 4*x. What is the highest common divisor of l and x?
8
Let n be (-5 - (-18)/4)*-1750*(-1 - -2). Calculate the greatest common divisor of 1125 and n.
125
Suppose 132*c + 12*c = 41*c + 8858. What is the highest common divisor of c and 4859?
43
Let q(u) = -3*u**3 + 42*u**2 + 6*u - 10. Let v be q(8). Calculate the greatest common divisor of v and 28.
14
Suppose -47*b + 48*b - 4 = -3*v, -2*b + 5*v = -52. Calculate the greatest common factor of b and 164.
4
Suppose p + 235 - 8 = f, 5*f - p - 1115 = 0. What is the highest common factor of 6 and f?
6
Let h(o) = o + 3. Let q(l) = -43*l - 29. Let u(n) = -2*h(n) + q(n). Let z be u(-3). What is the greatest common factor of z and 350?
50
Let x(q) = 130*q - 4. Let z be x(2). Suppose 3*f - f + z = 0. Let k = -38 - f. Calculate the highest common divisor of k and 18.
18
Let c = -5866 + 6496. What is the greatest common factor of 495 and c?
45
Let g(o) = 6*o + 14. Suppose 2*x + 3*s = 24, -5*s + 4*s + 4 = 0. Let m be g(x). Suppose 4*h - 103 + 23 = 0. What is the greatest common divisor of h and m?
10
Suppose 9628*u + 7908 = 9629*u. Calculate the greatest common factor of 4 and u.
4
Suppose 41*x - 8269 - 9689 = 0. Let s = x + -428. Calculate the greatest common factor of 630 and s.
10
Let i be 58 + -57 - (-79 - -4). Let k(r) = 13*r + 7 + 3 - 5. Let p be k(4). Calculate the highest common divisor of i and p.
19
Suppose -3*k + 100 = 5*s - s, -5*k + 50 = 2*s. Let y be (5 + s - 2) + 3 + -6. Calculate the highest common divisor of y and 200.
25
Let d(w) be the first derivative of -3*w**2 + 341*w - 31. Let m 